hat is -6121 + -1?
-6122
In base 11, what is -1 - 6a?
-70
In base 2, what is -101 - -110000101?
110000000
In base 14, what is -3 + -24?
-27
In base 10, what is -764 + 4?
-760
In base 3, what is -101211 + -12?
-102000
In base 6, what is -1304 - 4?
-1312
In base 3, what is -12 - 12?
-101
In base 8, what is -2 - -61?
57
In base 8, what is -2 + -135?
-137
In base 4, what is -323 + 3?
-320
In base 8, what is -1 + 206?
205
In base 9, what is -5 + -416?
-422
In base 11, what is 0 - 49?
-49
In base 13, what is -98 - 7?
-a2
In base 8, what is 36 - 1?
35
In base 16, what is 91 - 0?
91
In base 11, what is 5 + -981?
-977
In base 8, what is 3 - -711?
714
In base 5, what is 112311 + 2?
112313
In base 13, what is 19 - 3?
16
In base 11, what is 21 - 266?
-245
In base 7, what is -2 + 110?
105
In base 2, what is 110111 + 0?
110111
In base 14, what is 45 - -10?
55
In base 12, what is 7 + a8?
b3
In base 12, what is -15 - -7?
-a
In base 10, what is 695 + 8?
703
In base 7, what is -11 + -133?
-144
In base 11, what is 29 - 85?
-57
In base 12, what is -6 - -33?
29
In base 12, what is 3 - 26?
-23
In base 12, what is -20a2 + 3?
-209b
In base 12, what is 2 - -236?
238
In base 8, what is 110 - -10?
120
In base 6, what is -4 + 2203?
2155
In base 2, what is 100001 - -1?
100010
In base 2, what is -10001011010 + 11?
-10001010111
In base 7, what is -225 + -3?
-231
In base 12, what is -64 - 5?
-69
In base 12, what is -5 - 695?
-69a
In base 7, what is 20 + -20?
0
In base 14, what is 3 - 244?
-241
In base 7, what is -3 + -3136?
-3142
In base 7, what is -2 - -6425?
6423
In base 12, what is -261 - -4?
-259
In base 16, what is -73 + 6?
-6d
In base 6, what is -2 - 0?
-2
In base 8, what is 3 + 202?
205
In base 4, what is 1312 + 20?
1332
In base 16, what is -51 + -e?
-5f
In base 7, what is -10 - -6?
-1
In base 13, what is -3 + 66?
63
In base 3, what is 12021 - 2?
12012
In base 9, what is 3 + 30?
33
In base 6, what is -1025 + 3?
-1022
In base 5, what is -4 + 23?
14
In base 15, what is -4 - 2?
-6
In base 2, what is -110001100 + -111110?
-111001010
In base 14, what is -1a - -164?
148
In base 11, what is 863 + -4?
85a
In base 13, what is 4 - 101?
-ca
In base 7, what is -10626 - 1?
-10630
In base 12, what is 1 - -74?
75
In base 14, what is 4 + -84?
-80
In base 12, what is -1288 - 2?
-128a
In base 2, what is -1010100110010 + -11?
-1010100110101
In base 13, what is -bb02 + -3?
-bb05
In base 12, what is b60 + 8?
b68
In base 12, what is -4 + -9a9?
-9b1
In base 14, what is -3 - 3?
-6
In base 2, what is -100001101000 + -10?
-100001101010
In base 3, what is 1 + 100220?
100221
In base 14, what is -35 - 22?
-57
In base 16, what is 23 + 3?
26
In base 6, what is -433 + -3?
-440
In base 6, what is 1002 - -4?
1010
In base 13, what is -6 + 605?
5cc
In base 5, what is -1 - -1112?
1111
In base 8, what is 135 + 3?
140
In base 10, what is 0 + 301?
301
In base 6, what is 42 + 1434?
1520
In base 12, what is 187 - -3?
18a
In base 3, what is 0 + -1211?
-1211
In base 8, what is 3544 - 4?
3540
In base 7, what is -12 + 465?
453
In base 13, what is 5 - -5?
a
In base 14, what is 55 + 5?
5a
In base 16, what is 73 - 6?
6d
In base 7, what is 11 + 164?
205
In base 9, what is 33641 - 0?
33641
In base 6, what is 30 - -33?
103
In base 12, what is -6 - 44?
-4a
In base 15, what is 143b + -5?
1436
In base 15, what is 976 - 4?
972
In base 5, what is 1134 - 10?
1124
In base 13, what is -9 - 1b6?
-1c2
In base 7, what is 3041 - -3?
3044
In base 10, what is -17 - 173?
-190
In base 9, what is 1 + 36?
37
In base 10, what is 1 + 56?
57
In base 3, what is -2122 - -101?
-2021
In base 7, what is 3 + -325?
-322
In base 8, what is 43 - 0?
43
In base 6, what is -250 + 1?
-245
In base 13, what is -3 + -52?
-55
In base 7, what is 6 + -51?
-42
In base 15, what is -4ed + 5?
-4e8
In base 6, what is 1324 - 1?
1323
In base 11, what is -2 + -187?
-189
In base 2, what is 1111111 - -100?
10000011
In base 13, what is -4 - -30c?
308
In base 4, what is 10 - 12?
-2
In base 5, what is -1 + 113?
112
In base 14, what is -1d - c?
-2b
In base 11, what is -a + 64?
55
In base 2, what is -100101111 + 0?
-100101111
In base 2, what is -11101 + -10?
-11111
In base 14, what is 3 - -1c?
21
In base 8, what is 3 - -201?
204
In base 8, what is -3 - -514?
511
In base 9, what is 221 - 0?
221
In base 14, what is 149 + 29?
174
In base 12, what is 7 - b?
-4
In base 4, what is -333 - -2?
-331
In base 2, what is 100110 + 10?
101000
In base 16, what is -29 + -18?
-41
In base 10, what is -3 - 17?
-20
In base 4, what is -1023310 + 1?
-1023303
In base 7, what is 5 + -112?
-104
In base 9, what is 104 - 1?
103
In base 10, what is 7 + -12?
-5
In base 9, what is 1081 + 21?
1112
In base 8, what is 16 + -161?
-143
In base 9, what is 11 + 1237?
1248
In base 4, what is 313331 - 2?
313323
In base 9, what is 660 - 12?
647
In base 6, what is -10 - -14313?
14303
In base 5, what is -11204 + -34?
-11243
In base 14, what is -358b + 5?
-3586
In base 10, what is 20391 - -2?
20393
In base 15, what is 9a + -3?
97
In base 5, what is 403 - -10?
413
In base 4, what is 3031101 - -10?
3031111
In base 16, what is -1 - 82f?
-830
In base 3, what is 1 - -1211001?
1211002
In base 3, what is -12 - -122220?
122201
In base 10, what is 130 + 4?
134
In base 3, what is -212 - -120?
-22
In base 7, what is 1015 + -4?
1011
In base 10, what is -24 - 0?
-24
In base 7, what is 2 - 241?
-236
In base 6, what is -2 - 21523?
-21525
In base 3, what is -2 - -10222?
10220
In base 12, what is a8 + -2?
a6
In base 15, what is 1 + 229?
22a
In base 11, what is -15 - -338?
323
In base 15, what is -e0 - -d?
-d2
In base 2, what is 10000 + -1001?
111
In base 4, what is 2 - 31300?
-31232
In base 12, what is -4 - 199?
-1a1
In base 6, what is 131 - 5?
122
In base 16, what is -2c4 + 5?
-2bf
In base 9, what is -85 - -3?
-82
In base 6, what is -2 + -323?
-325
In base 10, what is 16485 - 4?
16481
In base 14, what is 22 - -8?
2a
In base 16, what is -eb - -4?
-e7
In base 15, what is -5 + -1489?
-148e
In base 13, what is 1c + -b?
11
In base 16, what is 177 + -4?
173
In base 7, what is 4032 - -3?
4035
In base 3, what is -1002 - -10?
-222
In base 5, what is -134 + 404?
220
In base 6, what is 230 + -1?
225
In base 13, what is c6 - 2?
c4
In base 15, what is -5 + 17b?
176
In base 6, what is 5 - -3022?
3031
In base 2, what is -1001110 + 11?
-1001011
In base 7, what is 11 + 42?
53
In base 12, what is -9 - -5?
-4
In base 12, what is 1b + -2?
19
In base 12, what is 28 - -1?
29
In base 2, what is -11111 + 111?
-11000
In base 9, what is -51 - -40?
-11
In base 16, what is -f7 + 4?
-f3
In base 3, what is 2 - 2011?
-2002
In base 12, what is 79 - -3?
80
In base 9, what is -17875 + -5?
-17881
In base 5, what is -1 - 114?
-120
In base 5, what is -14 + -3?
-22
In base 5, what is 0 + 113?
113
In base 14, what is -57d - 3?
-582
In base 15, what is -4 + -1a?
-1e
In base 11, what is 3 + -16?
-13
In base 7, what is 13 + 1434?
1450
In base 6, what is 234 - -4?
242
In base 16, what is -e6b + 1?
-e6a
In base 14, what is 4 + -9b?
-97
In base 4, what is -3 + 301231?
301222
In base 15, what is 7 + 5c?
64
In base 2, what is 11011110 - 101?
11011001
In base 16, what is 18ac - -5?
18b1
In base 3, what is 1 + -2211?
-2210
In base 12, what is -8b - 3?
-92
In base 3, what is 12 - 2202?
-2120
In base 8, what is -7 + -1?
-10
In base 11, what is 3 + -9?
-6
In base 14, what is -85 - 27?
-ac
In base 14, what is 470 + 2?
472
In base 9, what is -3 - 71?
-74
In base 15, what is -3 + -223?
-226
In base 16, what is 1 + -4e?
-4d
In base 15, what is 7 + -5d?
-56
In base 12, what is 3a - -a?
48
In base 16, what is -6 - 1c?
-22
In base 4, what is -1030 + 2?
-1022
In base 7, what is 5 - -2123?
2131
In base 5, what is 14 - 13?
1
In base 5, what is 10 - 123?
-113
In base 7, what is 0 - 2311?
-2311
In base 5, what is -3 + 21142?
21134
In base 13, what is -11 - -3?
-b
In base 16, what is 0 + 15da?
15da
In base 4, what is -1022 - -1?
-1021
In base 16, what is 1d6 - 7?
1cf
In base 3, what is 0 - -210202?
210202
In base 7, what is -46 + -104?
-153
In base 4, what is 11 - -313?
330
In base 2, what is 1101 + -1011111?
-1010010
In base 5, what is 21433 + 10?
21443
In base 2, what is -11100111101111 + 0?
-11100111101111
In base 8, what is 2 + -33?
-31
In base 4, what is 20030 + -200?
13230
In base 16